rime factors of w?
2
Suppose t - j + 117 = -2*t, -4*t + 5*j = 145. Let a be 3 - t - (2 + 0). Suppose 3*n - 3*d + 4*d = a, -n = 3*d - 19. List the prime factors of n.
13
List the prime factors of -4 + (-49)/2*-2.
3, 5
Let i(x) = -x**3 - 13*x**2 + 15*x + 20. Let k be i(-14). Let b = k + 5. What are the prime factors of b?
11
Let l be 14/(-4)*(-84)/49. Suppose 4*k + 88 = l*k. List the prime factors of k.
2, 11
Let l = 9 - 14. Let w(j) be the second derivative of -j**3/3 - j**2 + 14*j. List the prime factors of w(l).
2
Let o = 2 - 4. Let t be 2/(-2 - 5/o). List the prime factors of t + -2 + -1 - -6.
7
Let c(p) = 27*p**2 - 7*p - 6. Let b(v) = 26*v**2 - 6*v - 5. Let g(l) = 7*b(l) - 6*c(l). Let j be 6/15 + 7/(-5). What are the prime factors of g(j)?
3, 7
Let b = 0 - 0. Suppose -4*c = f + 20 - 2, -3*f - 2*c - 54 = b. What are the prime factors of (-581)/(-63) - (-4)/f?
3
Let h = 8 + -2. Suppose -3*n + n - 6 = 2*j, 0 = j + 5*n + 19. Let v = j + h. What are the prime factors of v?
7
Let l(v) = v**3 - 4*v**2 - 6*v - 6. Let i be l(5). Suppose -72 = -3*s - 0*s. Let p = s + i. List the prime factors of p.
13
Suppose -10 = 3*j + 8. Let z(y) = -3*y - 1. List the prime factors of z(j).
17
Suppose 9 = 2*d - 3*d. What are the prime factors of ((-15)/d)/(2/6)?
5
Let y be 104*3/(-3 + 9). Let q = y - 28. What are the prime factors of q?
2, 3
Suppose s - 33 = 4. Let t = 76 - s. What are the prime factors of t?
3, 13
Suppose 4*l - 16 = 344. Let r = l - 45. List the prime factors of r.
3, 5
Let r(t) = -2*t - 4*t**3 - 3 - 3*t**3 - 5 + 7. Let z = -3 + 2. What are the prime factors of r(z)?
2
Let l(z) = -13*z - 2. Let k(o) = 7*o + 1. Let i(y) = 5*k(y) + 3*l(y). What are the prime factors of i(-6)?
23
Let u(w) = -3*w + 1. Let b be u(3). Let c be 6/4*b/6. List the prime factors of c/4*(-20 + 2).
3
Let b = 15 + -25. What are the prime factors of b/(-15) - (-4)/3?
2
What are the prime factors of 1/(-4) + 177/4?
2, 11
What are the prime factors of -1 + (3 - 3) + 20?
19
Let d = 18 - 43. Let n = 38 + d. What are the prime factors of n?
13
Suppose -24 = -0*y - 3*y. Suppose 5*t - 2*q + y = q, 2*t + 2*q + 16 = 0. Let i(p) = p**2 + 5*p + 6. What are the prime factors of i(t)?
2
Let r be (23/2)/((-12)/(-48)). Suppose -6*b = -44 - r. What are the prime factors of b?
3, 5
Let n = 52 + 33. What are the prime factors of n?
5, 17
Suppose -2*f = -10, 0 = 2*p + 2*f - 3*f - 123. List the prime factors of p.
2
Let m = 39 + -22. List the prime factors of m.
17
Suppose -2*q + 11 = -7. Let v = q + -7. Suppose 55 = 3*f + v*f. What are the prime factors of f?
11
Let n be 4/6 - 10/(-3). Suppose n*t = -4*s + 9*t, s - 3*t = 0. Suppose -5*i + 49 = 4*w, -2*i + s*i = -4*w - 42. List the prime factors of i.
13
Suppose -3*m + 60 = m. What are the prime factors of m?
3, 5
Suppose 4*v + 0*v + 3*m - 665 = 0, -3*m - 647 = -4*v. List the prime factors of v.
2, 41
Let w(g) = -g**3 - 4*g**2 - g + 5. Let c be w(-4). Let q be (-1 - 0)/((-2)/(-14)). Let l = c + q. List the prime factors of l.
2
Let y(r) = -10*r + 1. Let f(b) = -1. Let v(z) = 3*f(z) - y(z). What are the prime factors of v(3)?
2, 13
Let s(z) = -z**2 + 7*z - 1. Let o be s(6). Let h be o*3/3*1. Suppose l = -h + 18. List the prime factors of l.
13
List the prime factors of 3/(-6)*(-2)/2*34.
17
Suppose 2*h - h - 2 = 0. Suppose 3*c + s = 77 - 7, h*c - 58 = 5*s. List the prime factors of c.
2, 3
Let i = 5 + -5. Let o(y) = 7 + 3*y - y + y**2 - 2*y. List the prime factors of o(i).
7
Let r(a) = a**3 - 3*a**2 + 2*a + 2. Let v be r(2). Let x(s) = 0*s**v - s + 3*s**2 - s**3 + 5*s. List the prime factors of x(3).
2, 3
Let d = -8 - -22. What are the prime factors of d?
2, 7
Let i be -12*(3/2)/3. Let w be 70/(-3) - (-4)/i. List the prime factors of (-18)/(-4)*w/(-9).
2, 3
Suppose z + 160 = 6*z. Suppose -y + 22 = 2*d, 5*d - 4*y = d + z. What are the prime factors of d?
2, 5
Let q = 5 - 8. List the prime factors of q*(10/(-3))/1.
2, 5
Let q(r) = 2*r**2 + 4*r + 2. Let u = 4 + -6. Let s be q(u). Suppose -m = -3*v - 3, 0*m = -5*m + s*v + 41. List the prime factors of m.
3
What are the prime factors of (18/5)/((-30)/(-100))?
2, 3
Let n be -2 - -2 - 6/(-2). Suppose -21 = -6*h + n*h. Suppose 4*y + 11 = 5*w - 8, 0 = -4*w - 5*y + h. What are the prime factors of w?
3
Let u(t) = 35*t**3 + 2*t**2 - 2*t + 1. List the prime factors of u(1).
2, 3
Suppose 3*s - 3*y - 270 = 0, -4*y = 3*s - 206 - 50. Let i = s - 35. What are the prime factors of i?
53
Let q = -138 + 278. List the prime factors of q.
2, 5, 7
Suppose d - 25 = 47. Let n = -44 + d. List the prime factors of n.
2, 7
Suppose -27*a + 156 = -24*a. List the prime factors of a.
2, 13
Let n(y) = 16*y**3 - y**2 + y. Let a be n(1). Suppose 3*w = a - 4. Suppose -26 = -2*c - 6*v + 2*v, w*c - 52 = 3*v. List the prime factors of c.
13
Let d(w) = -w - 6. Let y be d(-6). Suppose l + 20 = -y*k - 5*k, -l + 25 = -4*k. Suppose 0 = l*v + 5*u - 10, 0 = u + 4*u + 25. What are the prime factors of v?
7
Let r(c) = c**3 + 6*c**2 + c - 1. Let u be r(-6). List the prime factors of (0 - 1)*(u - -2).
5
Let t = -7 + 22. Suppose 2*v + t = 2*j - 13, 5*j + 4*v - 25 = 0. List the prime factors of j.
3
Let s = 12 - 9. Suppose s*c - 19 - 17 = 0. What are the prime factors of c?
2, 3
Suppose 3*o = -2*d - 12, 3*d = -d + 3*o - 24. Let f = d - -8. List the prime factors of f.
2
Let b(r) = 9*r - 3. Let w be b(-3). List the prime factors of (-2)/(-12) - 115/w.
2
Let l(h) = -4 - 5 + 3 + 10*h + 1. List the prime factors of l(4).
5, 7
Let h(k) = k**2 - 9*k - 11. List the prime factors of h(16).
101
Let a(q) = 4*q**2 - 4*q + 3. Let t be a(3). Suppose -4*d + t - 7 = 0. Suppose d*n - 8 = 7. List the prime factors of n.
3
Let s(a) = a**2 + a + 1. Let i be s(-2). List the prime factors of 3 + (72/i)/2.
3, 5
Suppose -5*l - 2*l + 420 = 0. What are the prime factors of l?
2, 3, 5
Let h = -13 - -23. Let f(x) = -x. Let c(q) = q**2 - 14*q - 13. Let y(i) = c(i) - 6*f(i). List the prime factors of y(h).
7
Suppose -6 = -x - 4. Suppose -f + x + 12 = 0. What are the prime factors of f?
2, 7
Suppose -i + 21 = 2*i. Let b = i - 13. Let f(v) = v**3 + 5*v**2 - 9*v - 6. List the prime factors of f(b).
2, 3
Suppose 0 = -5*l + 107 - 2. What are the prime factors of l?
3, 7
Let d(l) = 2*l + 16. Let f be d(-6). Let o be (-1)/1*(-3 + 1). Suppose n + 4*n = f*c + o, 4*n - 2*c = 4. What are the prime factors of n?
2
Suppose 0*d + d = 51. What are the prime factors of d?
3, 17
Let b = 6 + -2. Suppose b*t - 20 = -t. Let w = 10 - t. What are the prime factors of w?
2, 3
Let l(f) = -9*f - 3. Let k be l(3). Let m = -18 - k. List the prime factors of m.
2, 3
Let w = -5 + 8. Let f(n) = -4*n - 3. Let k be f(-2). Suppose -k*s = -w*s - 14. What are the prime factors of s?
7
Suppose -2*f = 2*f - 52. Suppose m = -5*y - 26, -2*m = 6*y - 2*y + 16. Let q = y + f. What are the prime factors of q?
7
Suppose -2*h - 3*d + 11 = 0, 8 = -4*h + 4*d - 0*d. Let p = 22 + h. What are the prime factors of p?
23
Suppose 126 = -0*y + 3*y. Let p = 77 - y. Suppose 0*a = 5*a - p. List the prime factors of a.
7
Let p be (-24)/(-14)*(-21)/2. Let g = -4 - p. What are the prime factors of g?
2, 7
Suppose -3*l = -m - 68 - 5, 2*m = -2*l + 62. What are the prime factors of l?
2, 13
What are the prime factors of 54/72 + ((-357)/(-4) - -1)?
7, 13
Let u(a) = 4*a**2 - 4*a + 1. Let g be u(3). Suppose 7 = 2*w - 3, -w = -4*f - g. Let j(x) = x**2 + 5*x + 2. What are the prime factors of j(f)?
2
Let t(y) = -y**2 + 3*y + 5. Let m be t(5). Let d(a) = -a**3 - 6*a**2 + a + 7. Let i be d(m). Let q = i + 39. What are the prime factors of q?
2
Let x(i) = i**3 + 4*i**2 - 2. Let h(q) = 2*q**3 + 3*q**2 - 1. Let b(r) = -2*h(r) + 3*x(r). List the prime factors of b(4).
2, 7
Let q = 648 - 457. List the prime factors of q.
191
Let p = -5 + 8. Suppose 32 = h + p*h. List the prime factors of h.
2
Suppose o - 268 = -l, -3*l - 5*o = -l - 551. What are the prime factors of l?
263
Let g(d) = -d**3 - 3*d - 4*d**2 + 8*d**2 + 4*d**2 - 7. Let f be g(7). Let q = f + -11. List the prime factors of q.
2, 5
Suppose 2*c - 12 = -2*r + 4*c, 4*c = -2*r + 18. List the prime factors of r.
7
Suppose 7*p + 1 = -3*u + 2*p, 0 = 3*u - 2*p - 13. Suppose -2*o - u*a - 2 = 8, 0 = -2*o + 4*a + 18. List the prime factors of 7*o + (1 - 1).
7
Let b = 4 - 7. What are the prime facto